tor of 1378 and 2652?
26
What is the greatest common divisor of 147 and 48342?
21
Calculate the greatest common divisor of 184107 and 1848.
231
Calculate the greatest common factor of 342 and 128706.
114
What is the highest common divisor of 3920 and 452515?
245
What is the highest common divisor of 49 and 43750?
7
What is the highest common divisor of 2106 and 876798?
702
What is the highest common factor of 212739 and 3?
3
What is the greatest common divisor of 22451 and 31086?
1727
Calculate the greatest common factor of 9988 and 77.
11
Calculate the greatest common divisor of 24396 and 342.
114
Calculate the greatest common divisor of 712 and 2608.
8
Calculate the highest common divisor of 23108 and 9592.
436
What is the greatest common factor of 667307 and 2727?
101
Calculate the greatest common factor of 250 and 417125.
125
What is the greatest common divisor of 248332 and 80?
4
Calculate the highest common factor of 222394 and 2.
2
Calculate the greatest common divisor of 820 and 60.
20
Calculate the highest common divisor of 60 and 256245.
15
What is the greatest common divisor of 22243 and 232?
29
What is the highest common divisor of 2709 and 138348?
63
Calculate the highest common divisor of 29656 and 2640.
88
Calculate the greatest common factor of 74085 and 220.
55
Calculate the highest common factor of 38 and 496147.
19
What is the greatest common factor of 961 and 4247?
31
What is the greatest common factor of 69560 and 200?
40
What is the greatest common factor of 138787 and 605?
121
Calculate the highest common divisor of 493 and 149843.
29
What is the highest common divisor of 20313 and 79605?
549
What is the highest common divisor of 490 and 11858?
98
What is the greatest common divisor of 77 and 44534?
7
Calculate the greatest common factor of 11310 and 50.
10
Calculate the highest common divisor of 60721 and 1107.
41
What is the greatest common divisor of 180 and 150615?
45
Calculate the greatest common divisor of 1980 and 242.
22
What is the greatest common divisor of 416 and 352?
32
What is the highest common factor of 38435 and 3?
1
Calculate the greatest common divisor of 1600 and 23895.
5
Calculate the greatest common factor of 2130 and 474564.
426
Calculate the highest common factor of 464 and 224.
16
Calculate the highest common factor of 35530 and 48365.
85
What is the greatest common divisor of 4525 and 725?
25
Calculate the greatest common factor of 2135 and 135695.
35
What is the greatest common factor of 57 and 2831?
19
What is the highest common divisor of 461 and 3308597?
461
What is the greatest common divisor of 44 and 1903?
11
What is the highest common factor of 116 and 166141?
29
What is the highest common divisor of 2890 and 2210?
170
Calculate the highest common factor of 67984 and 8.
8
Calculate the greatest common divisor of 39882 and 3312.
138
What is the greatest common factor of 143 and 25480?
13
Calculate the highest common divisor of 620 and 1268.
4
Calculate the highest common factor of 420 and 3280410.
210
Calculate the greatest common divisor of 107945 and 35.
5
What is the greatest common factor of 2100 and 13615?
35
Calculate the greatest common factor of 22 and 58091.
11
What is the greatest common factor of 106740 and 100?
20
Calculate the highest common factor of 68229 and 35.
7
Calculate the highest common factor of 6683 and 533.
41
What is the greatest common factor of 323082 and 682?
62
Calculate the highest common divisor of 4281 and 6.
3
What is the greatest common divisor of 75 and 293325?
75
What is the highest common factor of 8066 and 198598?
218
What is the greatest common divisor of 10693 and 59755?
629
What is the greatest common divisor of 3200 and 1500?
100
What is the highest common divisor of 583 and 845933?
583
What is the highest common divisor of 38 and 347?
1
Calculate the highest common factor of 480414 and 9036.
1506
What is the highest common divisor of 652247 and 557?
557
Calculate the greatest common divisor of 112 and 359408.
112
What is the highest common factor of 1647660 and 30?
30
What is the highest common divisor of 85 and 38539?
17
What is the greatest common divisor of 7000 and 440?
40
Calculate the greatest common divisor of 81435 and 25.
5
What is the greatest common factor of 236 and 172044?
236
Calculate the highest common divisor of 5452 and 3384.
188
Calculate the greatest common factor of 22914 and 1710.
342
Calculate the highest common factor of 2 and 13740.
2
Calculate the greatest common divisor of 3500 and 952.
28
What is the highest common factor of 6030 and 7245?
45
What is the greatest common divisor of 8624 and 145684?
308
What is the highest common factor of 3402 and 10902?
6
What is the highest common factor of 7828 and 40376?
412
Calculate the highest common divisor of 17206 and 28.
14
Calculate the greatest common divisor of 7892391 and 57.
57
What is the greatest common divisor of 1868 and 187267?
467
Calculate the greatest common factor of 140 and 27524.
28
Calculate the highest common factor of 436 and 1417.
109
What is the greatest common factor of 746 and 4735235?
373
Calculate the highest common divisor of 8823 and 51.
51
What is the greatest common divisor of 456 and 163476?
228
Calculate the greatest common divisor of 215 and 17587.
43
What is the highest common factor of 11 and 223883?
11
Calculate the highest common factor of 56 and 1495816.
56
Calculate the highest common divisor of 828 and 621276.
276
What is the highest common divisor of 41353 and 247?
13
Calculate the highest common factor of 19291 and 12797.
191
Calculate the highest common factor of 58 and 257665.
29
What is the highest common divisor of 1295 and 90391?
259
Calculate the highest common factor of 26466 and 132.
66
Calculate the greatest common divisor of 2 and 22894.
2
Calculate the greatest common divisor of 550 and 28300.
50
What is the highest common factor of 85207 and 14099?
613
Calculate the greatest common divisor of 1863 and 464508.
621
What is the greatest common divisor of 7591615 and 515?
515
Calculate the highest common divisor of 39034 and 116.
58
What is the highest common divisor of 1616 and 63428?
404
What is the greatest common divisor of 189766 and 1191?
397
What is the greatest common factor of 1145633 and 67?
67
What is the highest common factor of 12883 and 1586?
13
Calculate the greatest common factor of 24795 and 20.
5
Calculate the greatest common factor of 18456 and 816.
24
Calculate the greatest common divisor of 1520 and 646.
38
What is the highest common divisor of 2037 and 8155?
7
What is the greatest common factor of 2852 and 1404610?
1426
What is the greatest common factor of 26 and 9178?
26
Calculate the highest common factor of 1446796 and 169.
13
Calculate the highest common factor of 68601 and 377.
13
What is the greatest common factor of 4305 and 16933?
287
What is the highest common divisor of 305145 and 10?
5
What is the greatest common divisor of 166025 and 125?
25
Calculate the greatest common factor of 519 and 72487.
173
What is the highest common factor of 135 and 10638?
27
What is the greatest common factor of 4717530 and 4876?
2438
What is the greatest common divisor of 2900 and 10100?
100
Calculate the highest common divisor of 68 and 1309.
17
What is the highest common divisor of 147 and 62034?
147
Calculate the greatest common factor of 46 and 222295.
23
Calculate the highest common divisor of 296 and 64.
8
Calculate the highest common factor of 139955 and 575.
115
Calculate the greatest common divisor of 120 and 24690.
30
What is the highest common factor of 14331 and 36249?
843
Calculate the highest common factor of 16675 and 12673.
667
Calculate the greatest common divisor of 206970 and 30.
30
Calculate the greatest common divisor of 26 and 456170.
26
Calculate the greatest common factor of 1112 and 134880.
8
What is the highest common factor of 498037 and 139?
139
Calculate the highest common factor of 542 and 5423794.
542
Calculate the greatest common divisor of 23270 and 78.
26
What is the highest common factor of 105 and 57765?
15
What is the highest common factor of 14363 and 477?
53
Calculate the highest common factor of 150 and 18975.
75
Calculate the greatest common factor of 139 and 743.
1
W